{"id":4324,"date":"2018-06-05T06:44:04","date_gmt":"2018-06-05T04:44:04","guid":{"rendered":"https:\/\/coolfm.hu\/radio\/?page_id=4324"},"modified":"2022-04-29T16:55:17","modified_gmt":"2022-04-29T15:55:17","slug":"goldies","status":"publish","type":"page","link":"https:\/\/coolfm.hu\/radio\/goldies\/","title":{"rendered":"Goldies"},"content":{"rendered":"<p>[vc_row el_id=&#8221;headers-onair&#8221; css=&#8221;.vc_custom_1651247409019{background-color: #000000 !important;}&#8221;][vc_column][vc_row_inner][vc_column_inner width=&#8221;1\/3&#8243;]\t\t\t\t\t\t<!-- ON AIR SHOW ========================= -->\n\t\t\t\t\t\t<div id=\"qtonairhero\" class=\"qt-slick-opacity-fx qt-item qt-content-primary\">\n\t\t\t\t\t\t\t<div class=\"qt-part-archive-item qt-part-schedule-onair-large qt-negative\">\n\t\t\t\t\t\t\t\t<div class=\"qt-item-header\">\n\t\t\t\t\t\t\t\t\t<div class=\"qt-header-mid qt-vc\">\n\t\t\t\t\t\t\t\t\t\t<div class=\"qt-vi\">\n\t\t\t\t\t\t\t\t\t  \t\t<h5 class=\"qt-caption-med qt-capfont hide-on-small-and-down\">\n\t\t\t\t\t\t\t\t\t  \t\t\t\t\t\t\t\t\t\t\t\t\t\t\t<span>\n\t\t\t\t\t\t\t\t\t\t\t\t\tK\u00f6zelg\u0151\t\t\t\t\t\t\t\t\t\t\t\t<\/span>\n\t\t\t\t\t\t\t\t\t\t\t\t\t\t\t\t\t\t\t\t\t  \t\t<\/h5>\n\t\t\t\t\t\t\t\t\t\t\t<hr class=\"qt-spacer-s\">\n\t\t\t\t\t\t\t\t\t  \t\t<h1 class=\"qt-title qt-capfont\">\n\t\t\t\t\t\t\t\t\t\t\t\t<a href=\"https:\/\/coolfm.hu\/radio\/shows\/buli-van\/\" class=\"qt-text-shadow\">Klub klasszikusok a 90-es \u00e9s 2000-es \u00e9vekb\u0151l<\/a>\n\t\t\t\t\t\t\t\t\t\t\t<\/h1>\n\t\t\t\t\t\t\t\t\t\t\t<h4 class=\"qt-capfont\">\n\t\t\t\t\t\t\t\t\t\t\t\t\t\t\t\t\t\t\t\t\t\t\t<\/h4>\n\t\t\t\t\t\t\t\t\t\t\t<p class=\"qt-small\">\n\t\t\t\t\t\t\t\t\t\t\t\t20:00 <i class=\"dripicons-arrow-thin-right\"><\/i> 24:00\t\t\t\t\t\t\t\t\t\t\t<\/p>\n\t\t\t\t\t\t\t\t\t\t\t<hr class=\"qt-spacer-s hide-on-med-and-down\">\n\t\t\t\t\t\t\t\t\t\t\t<p class=\"hide-on-med-and-down\"><a href=\"https:\/\/coolfm.hu\/radio\/shows\/buli-van\/\" class=\"qt-btn qt-btn-l qt-btn-primary \" tabindex=\"0\"><i class=\"dripicons-media-play\"><\/i><\/a><\/p>\n\t\t\t\t\t\t\t\t\t\t<\/div>\n\t\t\t\t\t\t\t\t\t<\/div>\n\t\t\t\t\t\t\t\t\t\t\t\t\t\t\t\t        <div class=\"qt-header-bg\" data-bgimage=\"https:\/\/coolfm.hu\/radio\/wp-content\/uploads\/2018\/05\/freepic_silhouette-702198_1920.jpg\"  data-parallax=\"1\" data-speed=\"3\"  >\n\t\t\t\t\t\t\t        <\/div>\n\t\t\t\t\t\t\t     \t\t\t\t\t\t\t\t\t<\/div>\n\t\t\t\t\t\t\t<\/div>\n\t\t\t\t\t\t<\/div>\n\t\t\t\t\t\t<!-- ON AIR SHOW END ========================= -->\n\t\t\t\t\t\t\t\t\t<!-- SHARE FUNCTIONS ================================================== -->\n\t\t\t<div class=\"qt-short-share \">\n\t\t\t\t<ul class=\"qt-sharepage qt-content-primary  qt-center qt-sharepage-horizontal\">\n\t\t\t\t\t<li class=\"hide-on-med-and-down\">\n\t\t\t\t\t\t<i class=\"qticon-share qt-sharelink qt-shareicon qt-content-primary-dark\"><\/i>\n\t\t\t\t\t<\/li>\n\t\t\t\t\t<li>\n\t\t\t\t\t\t<a class=\"qt-popupwindow qt-sharelink qt-tooltipped\" data-tooltip=\"Oszd meg a Facebookon\" data-position=\"right\" data-sharetype=\"facebook\" data-name=\"Megoszt\u00e1s\" data-width=\"600\" data-height=\"500\" target=\"_blank\" href=\"#\">\n\t\t\t\t\t\t\t<i class=\"qticon-facebook\"><\/i>\n\t\t\t\t\t\t<\/a>\n\t\t\t\t\t<\/li>\n\t\t\t\t\t<li>\n\t\t\t\t\t\t<a class=\"qt-popupwindow qt-sharelink qt-tooltipped\" data-tooltip=\"Megoszt\u00e1s Twitteren\" data-position=\"right\"  data-sharetype=\"twitter\" data-name=\"Megoszt\u00e1s\" data-width=\"600\" data-height=\"500\" target=\"_blank\" href=\"#\">\n\t\t\t\t\t\t\t<i class=\"qticon-twitter\"><\/i>\n\t\t\t\t\t\t<\/a>\n\t\t\t\t\t\t<\/li>\n\t\t\t\t\t<li>\n\t\t\t\t\t\t<a class=\"qt-popupwindow qt-sharelink qt-tooltipped\" data-tooltip=\"Megosztani a Google+-on\" data-position=\"right\"  data-sharetype=\"google\" data-name=\"Megoszt\u00e1s\" data-width=\"600\" data-height=\"500\" target=\"_blank\" href=\"#\">\n\t\t\t\t\t\t\t<i class=\"qticon-googleplus\"><\/i>\n\t\t\t\t\t\t<\/a>\n\t\t\t\t\t<\/li>\n\t\t\t\t\t<li>\n\t\t\t\t\t\t<a class=\"qt-popupwindow qt-sharelink qt-tooltipped\" data-tooltip=\"Megosztani a Pintereste-en\" data-position=\"right\"  data-sharetype=\"pinterest\" data-name=\"Megoszt\u00e1s\" data-width=\"600\" data-height=\"500\" target=\"_blank\" href=\"#\">\n\t\t\t\t\t\t\t<i class=\"qticon-pinterest\"><\/i>\n\t\t\t\t\t\t<\/a>\n\t\t\t\t\t<\/li>\n\t\t\t\t\t\t\t\t\t\t\t<li>\n\t\t\t\t\t\t\t<a href=\"#\" class=\"qt-btn-primary qt-sharelink qt-loveit-link   qt-tooltipped\" data-tooltip=\"Love\" data-position=\"right\"  data-post_id=\"\"><i class=\"qticon-heart\"><\/i>\n\t\t\t\t\t\t\t\t<span class=\"qtli count\"><\/span>\n\t\t\t\t\t\t\t<\/a>\n\t\t\t\t\t\t<\/li>\n\t\t\t\t\t\t\t\t\t<\/ul>\n\t\t\t<\/div>\n\t\t\t<!-- SHARE FUNCTIONS ================================================== -->\n\n\n\n\t\t[\/vc_column_inner][vc_column_inner width=&#8221;1\/3&#8243; css=&#8221;.vc_custom_1651247506161{padding-top: 10px !important;padding-right: 10px !important;padding-bottom: 10px !important;padding-left: 25px !important;background-color: #000000 !important;}&#8221;]\t\t\t<h5 class=\"qt-caption-small qt-capfont \"><span>Hirdet\u00e9s<\/span><\/h5>\n\t\t[vc_column_text css=&#8221;.vc_custom_1651247488314{background-color: #000000 !important;}&#8221;]<\/p>\n<div id=\"coolfm.hu_halfpage\" style=\"text-align: center;\"><\/div>\n<p>[\/vc_column_text][vc_empty_space height=&#8221;102px&#8221;][\/vc_column_inner][vc_column_inner width=&#8221;1\/3&#8243; css=&#8221;.vc_custom_1529038997905{padding-top: 10px !important;padding-right: 10px !important;padding-bottom: 10px !important;padding-left: 25px !important;}&#8221;]\t\t\t<h5 class=\"qt-caption-small qt-capfont \"><span>Hirdet\u00e9s<\/span><\/h5>\n\t\t[vc_column_text]<\/p>\n<div id=\"coolfm.hu_mediumrectangle\" style=\"text-align: center;\"><\/div>\n<p>[\/vc_column_text][\/vc_column_inner][\/vc_row_inner][\/vc_column][\/vc_row][vc_row parallax=&#8221;content-moving&#8221; parallax_image=&#8221;4042&#8243; parallax_speed_bg=&#8221;2&#8243; css=&#8221;.vc_custom_1528962506105{padding-top: 2% !important;padding-bottom: 2% !important;background-color: #000000 !important;}&#8221; el_id=&#8221;donations&#8221;][vc_column][vc_row_inner css=&#8221;.vc_custom_1528962491457{padding-top: 4% !important;padding-right: 4% !important;padding-bottom: 4% !important;padding-left: 4% !important;background-color: #000000 !important;}&#8221;][vc_column_inner width=&#8221;1\/3&#8243; css=&#8221;.vc_custom_1529603324450{padding-left: 10px !important;background-color: #000000 !important;}&#8221;][vc_text_separator title=&#8221;Nemr\u00e9g ezeket hallottad &#8211; N\u00e9zd meg a vide\u00f3t is!&#8221; i_icon_fontawesome=&#8221;fa fa-volume-up&#8221; i_color=&#8221;white&#8221; color=&#8221;white&#8221; add_icon=&#8221;true&#8221; css=&#8221;.vc_custom_1529603431327{background-color: #000000 !important;}&#8221; el_class=&#8221;last_songs_yt_cim&#8221;][vc_column_text el_class=&#8221;last_songs_yt&#8221; css=&#8221;.vc_custom_1529826366214{background-color: #000000 !important;}&#8221;]<span style=\"color: white;\"><\/span>[\/vc_column_text][\/vc_column_inner][vc_column_inner width=&#8221;1\/3&#8243; css=&#8221;.vc_custom_1529039105148{padding-left: 10px !important;}&#8221;][vc_column_text]<iframe style=\"border: none; overflow: hidden; width: 100%; height: 558px;\" src=\"\/\/www.facebook.com\/plugins\/likebox.php?href=http%3A%2F%2Fwww.facebook.com%2FCoolfmBudapest&amp;width=570&amp;height=558&amp;colorscheme=light&amp;show_faces=true&amp;border_color=000000&amp;stream=true&amp;header=false&amp;appId=153164794761198\" frameborder=\"0\" scrolling=\"no\"><\/iframe>[\/vc_column_text][\/vc_column_inner][vc_column_inner width=&#8221;1\/3&#8243; css=&#8221;.vc_custom_1529039112590{padding-left: 10px !important;}&#8221;]\t\t\t<h5 class=\"qt-caption-small qt-capfont \"><span>Hirdet\u00e9s<\/span><\/h5>\n\t\t[vc_column_text]<\/p>\n<div id=\"coolfm.hu_mediumrectangle_1\" style=\"text-align: center;\"><\/div>\n<p>[\/vc_column_text][\/vc_column_inner][\/vc_row_inner][\/vc_column][\/vc_row][vc_row css=&#8221;.vc_custom_1522071798421{padding-top: 5% !important;padding-bottom: 5% !important;}&#8221; el_id=&#8221;shows-schedule&#8221;][vc_column][vc_row_inner css=&#8221;.vc_custom_1529767173061{padding-right: 30px !important;padding-left: 30px !important;}&#8221;][vc_column_inner]\t\t\t<h5 class=\"qt-caption-small qt-capfont \"><span>Hirdet\u00e9s<\/span><\/h5>\n\t\t[vc_column_text css=&#8221;.vc_custom_1551806540650{padding-right: 40px !important;padding-left: 40px !important;}&#8221;]<\/p>\n<p style=\"text-align: center;\"><a href=\"http:\/\/smoonmedia.com\"><img decoding=\"async\" loading=\"lazy\" class=\"aligncenter size-full wp-image-4867\" src=\"https:\/\/coolfm.hu\/radio\/wp-content\/uploads\/2019\/03\/smoonmedia.com-banner-PNG.png\" alt=\"\" width=\"728\" height=\"90\" srcset=\"https:\/\/coolfm.hu\/radio\/wp-content\/uploads\/2019\/03\/smoonmedia.com-banner-PNG.png 728w, https:\/\/coolfm.hu\/radio\/wp-content\/uploads\/2019\/03\/smoonmedia.com-banner-PNG-300x37.png 300w\" sizes=\"(max-width: 728px) 100vw, 728px\" \/><\/a><\/p>\n<p>[\/vc_column_text][\/vc_column_inner][\/vc_row_inner][\/vc_column][\/vc_row][vc_row el_id=&#8221;sponsors-carousel&#8221; css=&#8221;.vc_custom_1651247682905{padding-top: 4% !important;padding-bottom: 2% !important;background-color: #000000 !important;}&#8221;][vc_column]\t\t\t<h3 class=\"qt-caption-med qt-capfont \"><span>Partnereink<\/span><\/h3>\n\t\t\t\t\t<hr class=\"qt-spacer-m\">\n\t\t\t\t<!-- SLIDESHOW SPONSORS ================================================== -->\n\t\t<div class=\" \">\n\t\t    <div class=\"qt-slickslider-container qt-slickslider-externalarrows qt-slickslider-fullscreen\">\n\t\t        <div class=\"row\">\n\t\t            <div class=\"qt-slickslider qt-slickslider-multiple qt-text-shadow \" data-slidestoshow=\"6\" data-slidestoshowipad=\"3\" data-variablewidth=\"false\" data-arrows=\"true\" data-dots=\"false\" data-infinite=\"true\" data-centermode=\"false\" data-pauseonhover=\"true\" data-autoplay=\"true\" data-arrowsmobile=\"false\"  data-centermodemobile=\"true\" data-dotsmobile=\"false\"  data-slidestoshowmobile=\"1\" data-variablewidthmobile=\"true\" data-infinitemobile=\"false\">\n\t\t                \t\t                    <div class=\"qt-item\">\n\t\t                        <a href=\"https:\/\/magyar-radio.com\/\" target=\"_blank\" rel=\"nofollow\" class=\"qt-sponsor\" >\n\t\t                             <img width=\"88\" height=\"31\" src=\"https:\/\/coolfm.hu\/radio\/wp-content\/uploads\/2025\/02\/88x31-1.png\" class=\"attachment-qantumthemes-medium size-qantumthemes-medium wp-post-image\" alt=\"magyar-radio.com\" decoding=\"async\" loading=\"lazy\" title=\"magyar-radio.com\" \/>\t\t                        <\/a>\n\t\t                    <\/div>\n\t\t                    \t\t                    <div class=\"qt-item\">\n\t\t                        <a href=\"https:\/\/online-radio.hu\/cool-fm\" target=\"_blank\" rel=\"nofollow\" class=\"qt-sponsor\" >\n\t\t                             <img width=\"80\" height=\"15\" src=\"https:\/\/coolfm.hu\/radio\/wp-content\/uploads\/2021\/02\/online-radio.png\" class=\"attachment-qantumthemes-medium size-qantumthemes-medium wp-post-image\" alt=\"COOL FM r\u00e1di\u00f3\" decoding=\"async\" loading=\"lazy\" title=\"COOL FM r\u00e1di\u00f3\" \/>\t\t                        <\/a>\n\t\t                    <\/div>\n\t\t                    \t\t                    <div class=\"qt-item\">\n\t\t                        <a href=\"https:\/\/onlinestream.hu\" target=\"_blank\" rel=\"nofollow\" class=\"qt-sponsor\" >\n\t\t                             <img width=\"230\" height=\"50\" src=\"https:\/\/coolfm.hu\/radio\/wp-content\/uploads\/2018\/06\/partner_onlinestream.png\" class=\"attachment-qantumthemes-medium size-qantumthemes-medium wp-post-image\" alt=\"Online Stream\" decoding=\"async\" loading=\"lazy\" title=\"Online Stream\" \/>\t\t                        <\/a>\n\t\t                    <\/div>\n\t\t                    \t\t                    <div class=\"qt-item\">\n\t\t                        <a href=\"http:\/\/www.kre.hu\/portal\/\" target=\"_blank\" rel=\"nofollow\" class=\"qt-sponsor\" >\n\t\t                             <img width=\"230\" height=\"50\" src=\"https:\/\/coolfm.hu\/radio\/wp-content\/uploads\/2018\/06\/partner_kre.png\" class=\"attachment-qantumthemes-medium size-qantumthemes-medium wp-post-image\" alt=\"KRE.hu\" decoding=\"async\" loading=\"lazy\" title=\"KRE.hu\" \/>\t\t                        <\/a>\n\t\t                    <\/div>\n\t\t                    \t\t                    <div class=\"qt-item\">\n\t\t                        <a href=\"https:\/\/myonlineradio.hu\" target=\"_blank\" rel=\"nofollow\" class=\"qt-sponsor\" >\n\t\t                             <img width=\"230\" height=\"50\" src=\"https:\/\/coolfm.hu\/radio\/wp-content\/uploads\/2018\/06\/partner_myonline.png\" class=\"attachment-qantumthemes-medium size-qantumthemes-medium wp-post-image\" alt=\"My online radio\" decoding=\"async\" loading=\"lazy\" title=\"My online radio\" \/>\t\t                        <\/a>\n\t\t                    <\/div>\n\t\t                    \t\t                    <div class=\"qt-item\">\n\t\t                        <a href=\"https:\/\/viacomkft.hu\" target=\"_blank\" rel=\"nofollow\" class=\"qt-sponsor\" >\n\t\t                             <img width=\"273\" height=\"50\" src=\"https:\/\/coolfm.hu\/radio\/wp-content\/uploads\/2018\/06\/partner_viacom.png\" class=\"attachment-qantumthemes-medium size-qantumthemes-medium wp-post-image\" alt=\"Viacom Kft.\" decoding=\"async\" loading=\"lazy\" title=\"Viacom Kft.\" \/>\t\t                        <\/a>\n\t\t                    <\/div>\n\t\t                    \t\t                    <div class=\"qt-item\">\n\t\t                        <a href=\"https:\/\/gerisoft.hu\" target=\"_blank\" rel=\"nofollow\" class=\"qt-sponsor\" >\n\t\t                             <img width=\"214\" height=\"50\" src=\"https:\/\/coolfm.hu\/radio\/wp-content\/uploads\/2018\/03\/61032_GeriSoft.png\" class=\"attachment-qantumthemes-medium size-qantumthemes-medium wp-post-image\" alt=\"GeriSoft St\u00fadi\u00f3 Kft.\" decoding=\"async\" loading=\"lazy\" title=\"GeriSoft St\u00fadi\u00f3 Kft.\" \/>\t\t                        <\/a>\n\t\t                    <\/div>\n\t\t                                \n\t\t            <\/div>\n\t\t        <\/div>\n\t\t    <\/div>\n\t\t    <hr class=\"qt-spacer-s\">\n\t\t<\/div>\n\t\t <!-- SLIDESHOW SPONSORS END ================================================== -->\n\t\t[\/vc_column][\/vc_row]<\/p>\n","protected":false},"excerpt":{"rendered":"<p>[vc_row el_id=&#8221;headers-onair&#8221; css=&#8221;.vc_custom_1651247409019{background-color: #000000 !important;}&#8221;][vc_column][vc_row_inner][vc_column_inner width=&#8221;1\/3&#8243;][\/vc_column_inner][vc_column_inner width=&#8221;1\/3&#8243; css=&#8221;.vc_custom_1651247506161{padding-top: 10px !important;padding-right: 10px !important;padding-bottom: 10px !important;padding-left: 25px !important;background-color: #000000 !important;}&#8221;][vc_column_text css=&#8221;.vc_custom_1651247488314{background-color: #000000 !important;}&#8221;] [\/vc_column_text][vc_empty_space height=&#8221;102px&#8221;][\/vc_column_inner][vc_column_inner width=&#8221;1\/3&#8243; css=&#8221;.vc_custom_1529038997905{padding-top: 10px !important;padding-right: 10px !important;padding-bottom: 10px !important;padding-left: 25px !important;}&#8221;][vc_column_text] [\/vc_column_text][\/vc_column_inner][\/vc_row_inner][\/vc_column][\/vc_row][vc_row parallax=&#8221;content-moving&#8221; parallax_image=&#8221;4042&#8243; parallax_speed_bg=&#8221;2&#8243; css=&#8221;.vc_custom_1528962506105{padding-top: 2% !important;padding-bottom: 2% !important;background-color: #000000 !important;}&#8221; el_id=&#8221;donations&#8221;][vc_column][vc_row_inner css=&#8221;.vc_custom_1528962491457{padding-top: 4% !important;padding-right: 4% !important;padding-bottom: 4% !important;padding-left: 4% !important;background-color: #000000 [&hellip;]<\/p>\n","protected":false},"author":1,"featured_media":0,"parent":0,"menu_order":0,"comment_status":"closed","ping_status":"closed","template":"page-visualcomposer.php","meta":[],"_links":{"self":[{"href":"https:\/\/coolfm.hu\/radio\/wp-json\/wp\/v2\/pages\/4324"}],"collection":[{"href":"https:\/\/coolfm.hu\/radio\/wp-json\/wp\/v2\/pages"}],"about":[{"href":"https:\/\/coolfm.hu\/radio\/wp-json\/wp\/v2\/types\/page"}],"author":[{"embeddable":true,"href":"https:\/\/coolfm.hu\/radio\/wp-json\/wp\/v2\/users\/1"}],"replies":[{"embeddable":true,"href":"https:\/\/coolfm.hu\/radio\/wp-json\/wp\/v2\/comments?post=4324"}],"version-history":[{"count":68,"href":"https:\/\/coolfm.hu\/radio\/wp-json\/wp\/v2\/pages\/4324\/revisions"}],"predecessor-version":[{"id":6426,"href":"https:\/\/coolfm.hu\/radio\/wp-json\/wp\/v2\/pages\/4324\/revisions\/6426"}],"wp:attachment":[{"href":"https:\/\/coolfm.hu\/radio\/wp-json\/wp\/v2\/media?parent=4324"}],"curies":[{"name":"wp","href":"https:\/\/api.w.org\/{rel}","templated":true}]}}