{"id":4209,"date":"2018-05-30T16:23:03","date_gmt":"2018-05-30T16:23:03","guid":{"rendered":"http:\/\/coolfm.hu\/radio\/?page_id=4209"},"modified":"2022-02-01T09:30:01","modified_gmt":"2022-02-01T08:30:01","slug":"adatkezelesi-tajekoztato","status":"publish","type":"page","link":"https:\/\/coolfm.hu\/radio\/adatkezelesi-tajekoztato\/","title":{"rendered":"Adatkezel\u00e9si t\u00e1j\u00e9koztat\u00f3"},"content":{"rendered":"<p><strong><span style=\"color: #999999;\"><a style=\"color: #999999;\" href=\"https:\/\/coolfm.hu\/radio\/wp-content\/uploads\/2020\/12\/COOLFM.hu-ADATKEZEL\u00c9SI-T\u00c1J\u00c9KOZTAT\u00d3.pdf\" rel=\"\">Adatkezel\u00e9si t\u00e1j\u00e9koztat\u00f3 let\u00f6lt\u00e9se<\/a><\/span><\/strong><\/p>\n<p>&nbsp;<\/p>\n<div class=\"page\" title=\"Page 1\">\n<div class=\"layoutArea\">\n<div class=\"column\">\n<h2><span style=\"color: #999999;\">ADATKEZEL\u00c9SI T\u00c1J\u00c9KOZTAT\u00d3<\/span><\/h2>\n<p><span style=\"color: #999999;\">A <strong>Sailormoon M\u00e9diaszolg\u00e1ltat\u00f3 \u00e9s Tan\u00e1csad\u00f3 Bt.<\/strong> (sz\u00e9khelye: 1162 Budapest, Csutora u. 1.., a tov\u00e1bbiakban: \u201c<strong>Adatkezel\u0151<\/strong>\u201d) a jelen adatkezel\u00e9si t\u00e1j\u00e9koztat\u00f3ban t\u00e1j\u00e9koztatja a weboldalt megtekint\u0151 \u00e9s haszn\u00e1l\u00f3 szem\u00e9lyeket adataik kezel\u00e9s\u00e9r\u0151l.<\/span><\/p>\n<p><span style=\"color: #999999;\">Az Adatkezel\u0151 a tudom\u00e1s\u00e1ra jut\u00f3 szem\u00e9lyes adatokat mindenkor az Eur\u00f3pai Parlament \u00e9s a Tan\u00e1cs (EU) 2016\/679 Rendelet\u00e9nek (GDPR), az inform\u00e1ci\u00f3s \u00f6nrendelkez\u00e9si jogr\u00f3l \u00e9s az inform\u00e1ci\u00f3szabads\u00e1gr\u00f3l sz\u00f3l\u00f3 2011. \u00e9vi CXII. t\u00f6rv\u00e9nynek (Infotv.), a Polg\u00e1ri T\u00f6rv\u00e9nyk\u00f6nyvr\u0151l sz\u00f3l\u00f3 2013. \u00e9vi V. t\u00f6rv\u00e9nynek (Ptk.), a gazdas\u00e1gi rekl\u00e1mtev\u00e9kenys\u00e9g alapvet\u0151 felt\u00e9teleir\u0151l \u00e9s egyes korl\u00e1tair\u00f3l sz\u00f3l\u00f3 2008. \u00e9vi XLVIII. t\u00f6rv\u00e9nynek, az inform\u00e1ci\u00f3s t\u00e1rsadalommal \u00f6sszef\u00fcgg\u0151 szolg\u00e1ltat\u00e1sok egyes k\u00e9rd\u00e9seir\u0151l sz\u00f3l\u00f3 2001. \u00e9vi CVIII. t\u00f6rv\u00e9nynek \u00e9s a jelen T\u00e1j\u00e9koztat\u00f3ban foglaltaknak megfelel\u0151en, kiz\u00e1r\u00f3lag az adatkezel\u00e9ssel el\u00e9rend\u0151 c\u00e9lhoz elengedhetetlen\u00fcl sz\u00fcks\u00e9ges m\u00e9rt\u00e9kben kezeli.<\/span><\/p>\n<p><span style=\"color: #999999;\">A Weboldal haszn\u00e1lat\u00e1val \u00d6n elfogadja az Adatv\u00e9delmi szab\u00e1lyzatunkat \u00e9s a Szolg\u00e1ltat\u00e1si felt\u00e9teleinket. Amennyiben nem \u00e9rt egyet az Adatv\u00e9delmi szab\u00e1lyzatunkkal \u00e9s a Szolg\u00e1ltat\u00e1si felt\u00e9teleinkkel, k\u00e9rj\u00fck ne haszn\u00e1lja a Weboldalt.<\/span><\/p>\n<p><span style=\"color: #999999;\">A jelen T\u00e1j\u00e9koztat\u00f3 nem terjed ki azon weboldalok adatkezel\u00e9s\u00e9re, melyekre a coolfm.hu oldalon elhelyezett hivatkoz\u00e1s vezet.<\/span><\/p>\n<p><span style=\"color: #999999;\">Az Adatkezel\u0151 a jelen T\u00e1j\u00e9koztat\u00f3nak megfelel\u0151en kezeli a k\u00f6zvetlen\u00fcl az \u00e9rintettekt\u0151l gy\u0171jt\u00f6tt \u00e9s a m\u00e1s adatkezel\u0151kt\u0151l kapott szem\u00e9lyes adatokat is.<\/span><\/p>\n<p><span style=\"color: #999999;\"><strong>1. Az Adatkezel\u0151 adatai<\/strong><\/span><\/p>\n<p><span style=\"color: #999999;\">Neve: Sailormoon M\u00e9diaszolg\u00e1ltat\u00f3 \u00e9s Tan\u00e1csad\u00f3 Bet\u00e9ti T\u00e1rsas\u00e1g Sz\u00e9khelye: 1162 Budapest, Csutora u. 1.<\/span><br \/>\n<span style=\"color: #999999;\">El\u00e9rhet\u0151s\u00e9ge: radio@coolfm.hu<\/span><br \/>\n<span style=\"color: #999999;\">C\u00e9gjegyz\u00e9ksz\u00e1ma: 01 06 749382<\/span><\/p>\n<p><span style=\"color: #999999;\">Ad\u00f3sz\u00e1ma: 21359804142<\/span><\/p>\n<\/div>\n<\/div>\n<\/div>\n<div class=\"page\" title=\"Page 2\">\n<div class=\"layoutArea\">\n<div class=\"column\">\n<p><span style=\"color: #999999;\"><strong>2. Az Adatkezel\u0151 \u00e1ltal kezelt szem\u00e9lyes adatok k\u00f6re, kezel\u00e9s\u00e9nek c\u00e9lja, jogalapja, t\u00e1rol\u00e1s\u00e1nak id\u0151tartama<\/strong><\/span><\/p>\n<p><span style=\"color: #999999;\">A felhaszn\u00e1l\u00f3k szem\u00e9lyes adatai<\/span><br \/>\n<span style=\"color: #999999;\">&#8211; amelyeket az Adatkezel\u0151 a cookie-k alkalmaz\u00e1s\u00e1val kezel, tov\u00e1bb\u00e1<\/span><\/p>\n<p><span style=\"color: #999999;\">&#8211; amelyeket a Weboldal informatikai rendszere a Szolg\u00e1ltat\u00e1s ig\u00e9nybev\u00e9tele sor\u00e1n automatikusan r\u00f6gz\u00edt.<\/span><\/p>\n<p><span style=\"color: #999999;\"><span style=\"text-decoration: underline;\">Az adatkezel\u00e9s c\u00e9lja:<\/span> a Szolg\u00e1ltat\u00e1s felhaszn\u00e1l\u00f3k sz\u00e1m\u00e1ra hozz\u00e1f\u00e9rhet\u0151v\u00e9 t\u00e9tele.<\/span><\/p>\n<p><span style=\"color: #999999;\"><span style=\"text-decoration: underline;\">Az adatkezel\u00e9s jogalapja:<\/span> a felhaszn\u00e1l\u00f3k \u00f6nk\u00e9ntes, konkr\u00e9t \u00e9s megfelel\u0151 t\u00e1j\u00e9koztat\u00e1son alapul\u00f3 hozz\u00e1j\u00e1rul\u00e1sa (GDPR 6. cikk (1) a) pont).<\/span><\/p>\n<p><span style=\"color: #999999;\"><span style=\"text-decoration: underline;\">A kezelt adatok k\u00f6re:<\/span> IP c\u00edm, l\u00e1togat\u00e1s id\u0151pontja \u00e9s id\u0151tartama, b\u00f6ng\u00e9sz\u00e9si el\u0151zm\u00e9nyek, az internetez\u00e9sre haszn\u00e1lt eszk\u00f6z m\u0171szaki adatai (oper\u00e1ci\u00f3s rendszere)<\/span><\/p>\n<p><span style=\"color: #999999;\"><span style=\"text-decoration: underline;\">Az adatkezel\u00e9s c\u00e9lja:<\/span> a felhaszn\u00e1l\u00f3k f\u00f6ldrajzi azonos\u00edt\u00e1sa, r\u00e1di\u00f3hallgatotts\u00e1gi m\u00e9r\u00e9sek, a felhaszn\u00e1l\u00f3i \u00e9lm\u00e9nyek n\u00f6vel\u00e9se, szem\u00e9lyre szab\u00e1sa.<\/span><\/p>\n<p><span style=\"color: #999999;\"><span style=\"text-decoration: underline;\">Az adatkezel\u00e9s jogalapja:<\/span> a felhaszn\u00e1l\u00f3k \u00f6nk\u00e9ntes, konkr\u00e9t \u00e9s megfelel\u0151 t\u00e1j\u00e9koztat\u00e1son alapul\u00f3 hozz\u00e1j\u00e1rul\u00e1sa (GDPR 6. cikk (1) a) pont).<\/span><\/p>\n<p><span style=\"color: #999999;\">A cookie-k alkalmaz\u00e1s\u00e1hoz \u00e9s az adatkezel\u00e9si szab\u00e1lyzatunk elfogad\u00e1s\u00e1hoz a felhaszn\u00e1l\u00f3 a Weboldal megnyit\u00e1sakor felugr\u00f3 ablak megjel\u00f6lt gombj\u00e1ra kattint\u00e1ssal j\u00e1rulhat hozz\u00e1.<\/span><\/p>\n<p><span style=\"color: #999999;\">A felhaszn\u00e1l\u00f3 b\u00e1rmikor jogosult a r\u00e1 vonatkoz\u00f3 valamennyi szem\u00e9lyes adat vagy azok egy r\u00e9sz\u00e9nek kezel\u00e9s\u00e9re vonatkoz\u00f3 hozz\u00e1j\u00e1rul\u00e1s\u00e1t a radio@coolfm.hu email c\u00edmre tov\u00e1bb\u00edtott elektronikus \u00fczenetben visszavonni. A hozz\u00e1j\u00e1rul\u00e1s nem \u00e9rinti a hozz\u00e1j\u00e1rul\u00e1son alapul\u00f3, a visszavon\u00e1s el\u0151tti adatkezel\u00e9s jogszer\u0171s\u00e9g\u00e9t. A felhaszn\u00e1l\u00f3 b\u00e1rmikor t\u00f6r\u00f6lheti a sz\u00e1m\u00edt\u00f3g\u00e9p\u00e9r\u0151l az elhelyezett cookie-kat, valamint letilthatja b\u00f6ng\u00e9sz\u0151j\u00e9ben a s\u00fctik alkalmaz\u00e1s\u00e1t.<\/span><\/p>\n<p><span style=\"color: #999999;\">Amennyiben a felhaszn\u00e1l\u00f3 nem j\u00e1rul hozz\u00e1 a s\u00fctik alkalmaz\u00e1s\u00e1hoz, az azzal a k\u00f6vetkezm\u00e9nnyel j\u00e1r, hogy a Szolg\u00e1ltat\u00e1st nem tudja teljesk\u00f6r\u0171en ig\u00e9nybe venni \u00e9s a r\u00e1di\u00f3hallgatotts\u00e1gi m\u00e9r\u00e9sek pontatlanok lettek.<\/span><\/p>\n<p><span style=\"color: #999999;\">Az adatkezel\u00e9s id\u0151tartama: a hozz\u00e1j\u00e1rul\u00e1s visszavon\u00e1s\u00e1t k\u00f6vet\u0151 30. napig, ennek hi\u00e1ny\u00e1ban 5 \u00e9vig.<\/span><\/p>\n<p><span style=\"color: #999999;\">Az oldal megtekint\u00e9se sor\u00e1n automatikusan r\u00f6gz\u00edt\u00e9sre ker\u00fcl a felhaszn\u00e1l\u00f3 sz\u00e1m\u00edt\u00f3g\u00e9p\u00e9nek IP-c\u00edme, a l\u00e1togat\u00e1s kezd\u0151 \u00e9s befejez\u0151 id\u0151pontja, illetve egyes esetekben \u2013 a felhaszn\u00e1l\u00f3 sz\u00e1m\u00edt\u00f3g\u00e9p\u00e9nek be\u00e1ll\u00edt\u00e1s\u00e1t\u00f3l f\u00fcgg\u0151en \u2013 a b\u00f6ng\u00e9sz\u0151 \u00e9s az oper\u00e1ci\u00f3s rendszer t\u00edpusa.<\/span><\/p>\n<p><span style=\"color: #999999;\">Az adatkezel\u00e9s c\u00e9lja: ezek a napl\u00f3f\u00e1jlban r\u00f6gz\u00edtett adatok statisztikai c\u00e9lra ker\u00fclnek felhaszn\u00e1l\u00e1sra, a felhaszn\u00e1l\u00f3k egy\u00e9b szem\u00e9lyes adataival nem kapcsolhat\u00f3ak \u00f6ssze.<\/span><\/p>\n<\/div>\n<\/div>\n<p><span style=\"color: #999999;\">Az adatkezel\u00e9s jogalapja: az Adatkezel\u0151nek a Weboldal \u00fczemeltet\u00e9s\u00e9hez \u00e9s a jogellenes felhaszn\u00e1l\u00e1s megakad\u00e1lyoz\u00e1s\u00e1hoz f\u0171z\u0151d\u0151 jogos \u00e9rdeke (GDPR 6. cikk (1) f) pont)<\/span><\/p>\n<\/div>\n<div class=\"page\" title=\"Page 3\">\n<div class=\"layoutArea\">\n<div class=\"column\">\n<p><span style=\"color: #999999;\">Az adatkezel\u00e9s id\u0151tartama: a Weboldal megfelel\u0151 m\u0171k\u00f6d\u00e9s\u00e9hez sz\u00fcks\u00e9ges id\u0151tartamig.<\/span><\/p>\n<p><span style=\"color: #999999;\"><strong>3. Az adatkezel\u00e9s m\u00f3dja, adattov\u00e1bb\u00edt\u00e1s, adatbiztons\u00e1g<\/strong><\/span><\/p>\n<p><span style=\"color: #999999;\">&#8211; Az \u00e9rintettek adatait az Adatkezel\u0151 \u2013 az \u00e9rintett el\u0151zetes, \u00edr\u00e1sbeli hozz\u00e1j\u00e1rul\u00e1sa n\u00e9lk\u00fcl \u2013 nem hozza nyilv\u00e1noss\u00e1gra \u00e9s harmadik f\u00e9l r\u00e9sz\u00e9re nem adja \u00e1t, kiv\u00e9ve, ha arra b\u00edr\u00f3s\u00e1gi vagy hat\u00f3s\u00e1gi hat\u00e1rozat, illetve jogszab\u00e1lyi rendelkez\u00e9s k\u00f6telezi.<\/span><\/p>\n<p><span style=\"color: #999999;\">&#8211; Az Adatkezel\u0151 cookie-k elhelyez\u00e9s\u00e9vel vagy kattint\u00e1sm\u00e9r\u0151k alkalmaz\u00e1s\u00e1val gy\u0171jthet szem\u00e9lyes adatokat a Weboldal felhaszn\u00e1l\u00f3it\u00f3l, a felhaszn\u00e1l\u00f3i szok\u00e1sok, preferenci\u00e1k felm\u00e9r\u00e9se, elemz\u00e9se, statisztik\u00e1k k\u00e9sz\u00edt\u00e9se c\u00e9lj\u00e1b\u00f3l. Amennyiben Adatkezel\u0151 e c\u00e9lra m\u00e9dia\u00fcgyn\u00f6ks\u00e9gekkel m\u0171k\u00f6dik egy\u00fctt, az \u00fcgyn\u00f6ks\u00e9gek ebb\u0151l a c\u00e9lb\u00f3l r\u00f6gz\u00edthetik a felhaszn\u00e1l\u00f3k IP c\u00edm\u00e9t, l\u00e1togat\u00e1si adatait \u00e9s keres\u00e9si el\u0151zm\u00e9nyeit. Ezen szolg\u00e1ltat\u00f3k adatkezel\u00e9s\u00e9re a jelen T\u00e1j\u00e9koztat\u00f3 nem terjed ki, a szolg\u00e1ltat\u00f3k a szem\u00e9lyes adatokat saj\u00e1t adatv\u00e9delmi t\u00e1j\u00e9koztat\u00f3iknak megfelel\u0151en kezelik.<\/span><\/p>\n<p style=\"font-weight: 400;\"><span style=\"color: #999999;\">Tov\u00e1bb\u00e1 t\u00e1j\u00e9koztatjuk, hogy a Weboldalon az <strong>\u201eInfinety Invest Korl\u00e1tolt Felel\u0151ss\u00e9g\u0171 T\u00e1rsas\u00e1g<\/strong>\u00a0(sz\u00e9khelye: 1037 Budapest, Montevideo utca 3\/B.) (\u201e<strong>Infinety Invest<\/strong>\u201d) a k\u00fcls\u0151 hirdet\u00e9sekhez kapcsol\u00f3d\u00f3an k\u00f6zvetlen \u00fczletszerz\u00e9si c\u00e9lb\u00f3l cookie-kat helyez el az \u00d6n sz\u00e1m\u00edt\u00f3g\u00e9p\u00e9n \u00e9s\/vagy mobil eszk\u00f6z\u00e9n, amelyeket az Infinety Invest harmadik szem\u00e9lyek r\u00e9sz\u00e9re \u2013adat\u00e9rt\u00e9kes\u00edt\u00e9s vagy egy\u00e9b m\u00f3don t\u00f6rt\u00e9n\u0151 felhaszn\u00e1l\u00e1s c\u00e9lj\u00e1b\u00f3l \u2013 tov\u00e1bb\u00edthat. Ezen harmadik szem\u00e9lyek az Infinety Investtel szerz\u0151d\u00e9ses kapcsolatban \u00e1ll\u00f3 hirdet\u0151k, \u00fcgyn\u00f6k\u00f6k, illetve egy\u00e9b \u00fczleti partnerek. T\u00e1j\u00e9koztatjuk, hogy ezen cookie-k kezel\u00e9se tekintet\u00e9ben adatkezel\u0151nek az Infinety Invest min\u0151s\u00fcl.<\/span><\/p>\n<p style=\"font-weight: 400;\"><span style=\"color: #999999;\">Az Infinety Invest \u00e1ltal elhelyezett cookie-kr\u00f3l b\u0151vebb inform\u00e1ci\u00f3k\u00e9rt k\u00e9rj\u00fck, hogy l\u00e1togasson el a\u00a0<a style=\"color: #999999;\" href=\"http:\/\/www.infinety.hu\/\" data-saferedirecturl=\"https:\/\/www.google.com\/url?q=http:\/\/www.infinety.hu&amp;source=gmail&amp;ust=1608143278878000&amp;usg=AFQjCNHJsBiJfFsgwbPu_GWnFPTXI2ZoQA\">www.infinety.hu<\/a> weboldalra. Az Infinety Invest Adatv\u00e9delmi Szab\u00e1lyzata az al\u00e1bbi linken \u00e9rhet\u0151 el: <a style=\"color: #999999;\" href=\"https:\/\/infinety.hu\/upload\/files\/infinety_group_adatvedelem.pdf\">Infinety Invest Adatv\u00e9delmi Szab\u00e1lyzat<\/a>.<\/span><\/p>\n<p><span style=\"color: #999999;\">Budapest, 2020. december 15.<\/span><\/p>\n<p>&nbsp;<\/p>\n<\/div>\n<\/div>\n<\/div>\n<h2>Tov\u00e1bbi inform\u00e1ci\u00f3k &#8211; \u00c1.Sz.F.<\/h2>\n<h3><a href=\"https:\/\/coolfm.hu\/radio\/wp-content\/uploads\/2018\/05\/hirdet\u00e9s-\u00c1SZF-2018.pdf\"><img decoding=\"async\" loading=\"lazy\" class=\"aligncenter size-large wp-image-4265\" src=\"https:\/\/coolfm.hu\/radio\/wp-content\/uploads\/2018\/05\/hirdet\u00e9s-\u00c1SZF-2018-724x1024.jpg\" alt=\"\" width=\"724\" height=\"1024\" srcset=\"https:\/\/coolfm.hu\/radio\/wp-content\/uploads\/2018\/05\/hirdet\u00e9s-\u00c1SZF-2018-724x1024.jpg 724w, https:\/\/coolfm.hu\/radio\/wp-content\/uploads\/2018\/05\/hirdet\u00e9s-\u00c1SZF-2018-212x300.jpg 212w, https:\/\/coolfm.hu\/radio\/wp-content\/uploads\/2018\/05\/hirdet\u00e9s-\u00c1SZF-2018-768x1086.jpg 768w, https:\/\/coolfm.hu\/radio\/wp-content\/uploads\/2018\/05\/hirdet\u00e9s-\u00c1SZF-2018.jpg 1240w\" sizes=\"(max-width: 724px) 100vw, 724px\" \/><\/a><\/h3>\n","protected":false},"excerpt":{"rendered":"<p>Adatkezel\u00e9si t\u00e1j\u00e9koztat\u00f3 let\u00f6lt\u00e9se &nbsp; ADATKEZEL\u00c9SI T\u00c1J\u00c9KOZTAT\u00d3 A Sailormoon M\u00e9diaszolg\u00e1ltat\u00f3 \u00e9s Tan\u00e1csad\u00f3 Bt. (sz\u00e9khelye: 1162 Budapest, Csutora u. 1.., a tov\u00e1bbiakban: \u201cAdatkezel\u0151\u201d) a jelen adatkezel\u00e9si t\u00e1j\u00e9koztat\u00f3ban t\u00e1j\u00e9koztatja a weboldalt megtekint\u0151 \u00e9s haszn\u00e1l\u00f3 szem\u00e9lyeket adataik kezel\u00e9s\u00e9r\u0151l. Az Adatkezel\u0151 a tudom\u00e1s\u00e1ra jut\u00f3 szem\u00e9lyes adatokat mindenkor az Eur\u00f3pai Parlament \u00e9s a Tan\u00e1cs (EU) 2016\/679 Rendelet\u00e9nek (GDPR), az inform\u00e1ci\u00f3s \u00f6nrendelkez\u00e9si [&hellip;]<\/p>\n","protected":false},"author":1,"featured_media":0,"parent":0,"menu_order":0,"comment_status":"closed","ping_status":"closed","template":"","meta":[],"_links":{"self":[{"href":"https:\/\/coolfm.hu\/radio\/wp-json\/wp\/v2\/pages\/4209"}],"collection":[{"href":"https:\/\/coolfm.hu\/radio\/wp-json\/wp\/v2\/pages"}],"about":[{"href":"https:\/\/coolfm.hu\/radio\/wp-json\/wp\/v2\/types\/page"}],"author":[{"embeddable":true,"href":"https:\/\/coolfm.hu\/radio\/wp-json\/wp\/v2\/users\/1"}],"replies":[{"embeddable":true,"href":"https:\/\/coolfm.hu\/radio\/wp-json\/wp\/v2\/comments?post=4209"}],"version-history":[{"count":9,"href":"https:\/\/coolfm.hu\/radio\/wp-json\/wp\/v2\/pages\/4209\/revisions"}],"predecessor-version":[{"id":6315,"href":"https:\/\/coolfm.hu\/radio\/wp-json\/wp\/v2\/pages\/4209\/revisions\/6315"}],"wp:attachment":[{"href":"https:\/\/coolfm.hu\/radio\/wp-json\/wp\/v2\/media?parent=4209"}],"curies":[{"name":"wp","href":"https:\/\/api.w.org\/{rel}","templated":true}]}}